{"id":30667,"date":"2026-04-03T06:14:11","date_gmt":"2026-04-03T04:14:11","guid":{"rendered":"https:\/\/claudy-clavien.ch\/produit\/petite-arvine-perles-du-soleil\/"},"modified":"2026-04-13T03:19:39","modified_gmt":"2026-04-13T01:19:39","slug":"petite-arvine-perles-du-soleil","status":"publish","type":"product","link":"https:\/\/claudy-clavien.ch\/de\/produit\/petite-arvine-perles-du-soleil\/","title":{"rendered":"Petite Arvine &#8211; Perles du Soleil"},"content":{"rendered":"","protected":false},"excerpt":{"rendered":"<p>Sicherlich eines der sch\u00f6nsten Juwelen, die das Wallis an Wei\u00dfweinen zu bieten hat. Dieser Wein, der in seinem Charakter typisch f\u00fcr das Wallis ist, zeichnet sich durch wundersch\u00f6ne Noten von Glyzinien oder exotischen Fr\u00fcchten aus und besticht am Gaumen durch eine salzige Note im Abgang. Ein Wein, der schon in seiner Jugend genossen werden kann oder aber Liebhaber alter Weine begeistern wird. Er eignet sich als Aperitif oder passt hervorragend zu Vorspeisen, Fisch, Meeresfr\u00fcchten oder Krustentieren.<\/p>\n<p>AOC Valais<\/p>\n<p>Betriebstemperatur : 10-12\u00b0c<\/p>\n<p>Enth\u00e4lt Sulfite<\/p>\n","protected":false},"featured_media":30436,"template":"","meta":[],"product_brand":[],"product_cat":[133,134],"product_tag":[],"class_list":{"0":"post-30667","1":"product","2":"type-product","3":"status-publish","4":"has-post-thumbnail","6":"product_cat-alle-unsere-weine","7":"product_cat-klassische-weissweine","9":"first","10":"instock","11":"shipping-taxable","12":"purchasable","13":"product-type-variable","14":"has-default-attributes"},"_links":{"self":[{"href":"https:\/\/claudy-clavien.ch\/de\/wp-json\/wp\/v2\/product\/30667","targetHints":{"allow":["GET"]}}],"collection":[{"href":"https:\/\/claudy-clavien.ch\/de\/wp-json\/wp\/v2\/product"}],"about":[{"href":"https:\/\/claudy-clavien.ch\/de\/wp-json\/wp\/v2\/types\/product"}],"version-history":[{"count":0,"href":"https:\/\/claudy-clavien.ch\/de\/wp-json\/wp\/v2\/product\/30667\/revisions"}],"wp:featuredmedia":[{"embeddable":true,"href":"https:\/\/claudy-clavien.ch\/de\/wp-json\/wp\/v2\/media\/30436"}],"wp:attachment":[{"href":"https:\/\/claudy-clavien.ch\/de\/wp-json\/wp\/v2\/media?parent=30667"}],"wp:term":[{"taxonomy":"product_brand","embeddable":true,"href":"https:\/\/claudy-clavien.ch\/de\/wp-json\/wp\/v2\/product_brand?post=30667"},{"taxonomy":"product_cat","embeddable":true,"href":"https:\/\/claudy-clavien.ch\/de\/wp-json\/wp\/v2\/product_cat?post=30667"},{"taxonomy":"product_tag","embeddable":true,"href":"https:\/\/claudy-clavien.ch\/de\/wp-json\/wp\/v2\/product_tag?post=30667"}],"curies":[{"name":"wp","href":"https:\/\/api.w.org\/{rel}","templated":true}]}}

<p>Sicherlich eines der schönsten Juwelen, die das Wallis an Weißweinen zu bieten hat. Dieser Wein, der in seinem Charakter typisch für das Wallis ist, zeichnet sich durch wunderschöne Noten von Glyzinien oder exotischen Früchten aus und besticht am Gaumen durch eine salzige Note im Abgang. Ein Wein, der schon in seiner Jugend genossen werden kann oder aber Liebhaber alter Weine begeistern wird. Er eignet sich als Aperitif oder passt hervorragend zu Vorspeisen, Fisch, Meeresfrüchten oder Krustentieren.</p>
<p>AOC Valais</p>
<p>Betriebstemperatur : 10-12°c</p>
<p>Enthält Sulfite</p>
